 4?
1
What is the remainder when 195 is divided by 25?
20
Calculate the remainder when 94 is divided by 26.
16
Calculate the remainder when 91 is divided by 19.
15
What is the remainder when 787 is divided by 390?
7
Calculate the remainder when 3119 is divided by 26.
25
Calculate the remainder when 204 is divided by 19.
14
Calculate the remainder when 796 is divided by 169.
120
Calculate the remainder when 2176 is divided by 1084.
8
Calculate the remainder when 58 is divided by 18.
4
Calculate the remainder when 76 is divided by 24.
4
What is the remainder when 167 is divided by 90?
77
What is the remainder when 905 is divided by 15?
5
Calculate the remainder when 693 is divided by 339.
15
What is the remainder when 2258 is divided by 31?
26
What is the remainder when 1936 is divided by 194?
190
Calculate the remainder when 262 is divided by 33.
31
What is the remainder when 59 is divided by 22?
15
What is the remainder when 1432 is divided by 72?
64
What is the remainder when 1389 is divided by 5?
4
Calculate the remainder when 218 is divided by 8.
2
What is the remainder when 243 is divided by 44?
23
Calculate the remainder when 314 is divided by 99.
17
Calculate the remainder when 977 is divided by 140.
137
What is the remainder when 282 is divided by 63?
30
Calculate the remainder when 1614 is divided by 538.
0
What is the remainder when 472 is divided by 155?
7
What is the remainder when 11 is divided by 6?
5
Calculate the remainder when 12694 is divided by 167.
2
What is the remainder when 59 is divided by 12?
11
Calculate the remainder when 139 is divided by 18.
13
Calculate the remainder when 2067 is divided by 23.
20
What is the remainder when 1955 is divided by 637?
44
Calculate the remainder when 6424 is divided by 6.
4
What is the remainder when 2905 is divided by 242?
1
What is the remainder when 624 is divided by 283?
58
Calculate the remainder when 82 is divided by 76.
6
What is the remainder when 257 is divided by 53?
45
Calculate the remainder when 1001 is divided by 213.
149
Calculate the remainder when 4091 is divided by 22.
21
Calculate the remainder when 58 is divided by 13.
6
What is the remainder when 20 is divided by 8?
4
Calculate the remainder when 394 is divided by 57.
52
What is the remainder when 80 is divided by 71?
9
Calculate the remainder when 504 is divided by 23.
21
What is the remainder when 1869 is divided by 10?
9
Calculate the remainder when 2307 is divided by 21.
18
What is the remainder when 642 is divided by 109?
97
Calculate the remainder when 88 is divided by 27.
7
What is the remainder when 2437 is divided by 106?
105
What is the remainder when 862 is divided by 56?
22
Calculate the remainder when 1719 is divided by 85.
19
What is the remainder when 1145 is divided by 571?
3
Calculate the remainder when 115 is divided by 101.
14
Calculate the remainder when 587 is divided by 68.
43
Calculate the remainder when 6981 is divided by 97.
94
What is the remainder when 108 is divided by 8?
4
Calculate the remainder when 109 is divided by 13.
5
Calculate the remainder when 484 is divided by 321.
163
Calculate the remainder when 1524 is divided by 5.
4
Calculate the remainder when 535 is divided by 145.
100
Calculate the remainder when 16166 is divided by 330.
326
Calculate the remainder when 94 is divided by 8.
6
Calculate the remainder when 1055 is divided by 83.
59
Calculate the remainder when 54 is divided by 15.
9
Calculate the remainder when 1101 is divided by 46.
43
Calculate the remainder when 418 is divided by 42.
40
What is the remainder when 80 is divided by 28?
24
What is the remainder when 353 is divided by 116?
5
What is the remainder when 154 is divided by 83?
71
What is the remainder when 399 is divided by 5?
4
What is the remainder when 637 is divided by 35?
7
Calculate the remainder when 1957 is divided by 70.
67
What is the remainder when 249 is divided by 110?
29
Calculate the remainder when 556 is divided by 79.
3
What is the remainder when 1935 is divided by 34?
31
Calculate the remainder when 204 is divided by 2.
0
What is the remainder when 776 is divided by 29?
22
What is the remainder when 2666 is divided by 665?
6
Calculate the remainder when 104 is divided by 28.
20
What is the remainder when 3969 is divided by 142?
135
Calculate the remainder when 26 is divided by 18.
8
Calculate the remainder when 155 is divided by 56.
43
What is the remainder when 1059 is divided by 10?
9
What is the remainder when 11491 is divided by 34?
33
Calculate the remainder when 429 is divided by 79.
34
What is the remainder when 1018 is divided by 331?
25
What is the remainder when 376 is divided by 161?
54
Calculate the remainder when 161 is divided by 55.
51
Calculate the remainder when 16 is divided by 4.
0
What is the remainder when 54 is divided by 15?
9
What is the remainder when 181 is divided by 14?
13
Calculate the remainder when 1166 is divided by 34.
10
What is the remainder when 1488 is divided by 108?
84
What is the remainder when 164 is divided by 19?
12
What is the remainder when 91 is divided by 21?
7
Calculate the remainder when 3674 is divided by 1223.
5
What is the remainder when 102 is divided by 24?
6
Calculate the remainder when 1935 is divided by 13.
11
What is the remainder when 2989 is divided by 66?
19
What is the remainder when 330 is divided by 54?
6
What is the remainder when 13430 is divided by 11?
10
What is the remainder when 786 is divided by 22?
16
Calculate the remainder when 325 is divided by 22.
17
Calculate the remainder when 769 is divided by 157.
141
What is the remainder when 415 is divided by 119?
58
Calculate the remainder when 469 is divided by 44.
29
Calculate the remainder when 135 is divided by 8.
7
What is the remainder when 30 is divided by 8?
6
What is the remainder when 1627 is divided by 43?
36
What is the remainder when 1324 is divided by 186?
22
What is the remainder when 1797 is divided by 22?
15
What is the remainder when 815 is divided by 812?
3
Calculate the remainder when 2267 is divided by 40.
27
What is the remainder when 1447 is divided by 4?
3
What is the remainder when 448 is divided by 161?
126
What is the remainder when 284 is divided by 19?
18
Calculate the remainder when 866 is divided by 7.
5
What is the remainder when 4011 is divided by 34?
33
What is the remainder when 1897 is divided by 73?
72
What is the remainder when 308 is divided by 32?
20
What is the remainder when 3931 is divided by 1957?
17
What is the remainder when 200 is divided by 55?
35
What is the remainder when 220 is divided by 58?
46
What is the remainder when 758 is divided by 40?
38
Calculate the remainder when 23 is divided by 6.
5
What is the remainder when 316 is divided by 34?
10
Calculate the remainder when 88 is divided by 18.
16
What is the remainder when 4301 is divided by 13?
11
What is the remainder when 383 is divided by 199?
184
Calculate the remainder when 29 is divided by 4.
1
What is the remainder when 2681 is divided by 665?
21
What is the remainder when 46 is divided by 26?
20
What is the remainder when 13255 is divided by 221?
216
What is the remainder when 321 is divided by 36?
33
What is the remainder when 139 is divided by 7?
6
Calculate the remainder when 256 is divided by 66.
58
Calculate the remainder when 86 is divided by 23.
17
What is the remainder when 4286 is divided by 29?
23
What is the remainder when 34 is divided by 20?
14
What is the remainder when 407 is divided by 139?
129
What is the remainder when 24523 is divided by 15?
13
Calculate the remainder when 117 is divided by 61.
56
What is the remainder when 438 is divided by 17?
13
Calculate the remainder when 3383 is divided by 6.
5
What is the remainder when 176 is divided by 59?
58
Calculate the remainder when 187 is divided by 17.
0
What is the remainder when 430 is divided by 36?
34
Calculate the remainder when 428 is divided by 210.
8
Calculate the remainder when 31039 is divided by 320.
319
Calculate the remainder when 192 is divided by 39.
36
What is the remainder when 4327 is divided by 13?
11
What is the remainder when 34 is divided by 12?
10
Calculate the remainder when 131 is divided by 54.
23
What is the remainder when 131 is divided by 53?
25
Calculate the rema